f 880 and 41934992?
176
What is the highest common factor of 176 and 1788611?
11
What is the highest common factor of 1404 and 2183454?
234
What is the greatest common divisor of 6820 and 37140356?
1364
Calculate the highest common divisor of 49425 and 707400.
75
What is the highest common factor of 3128402 and 97554?
142
Calculate the highest common factor of 51497434 and 31782.
10594
What is the highest common factor of 9240 and 1592976?
1848
What is the highest common factor of 972 and 30922992?
108
What is the greatest common factor of 19352709 and 317555?
9073
What is the greatest common divisor of 6130 and 16690?
10
Calculate the greatest common factor of 117435780 and 792.
396
Calculate the highest common factor of 76622 and 4146506.
182
Calculate the highest common factor of 13632 and 339309.
213
What is the highest common divisor of 1968 and 79287768?
984
Calculate the highest common divisor of 1213452 and 70596.
1332
What is the greatest common divisor of 229944 and 476906?
134
Calculate the highest common divisor of 22 and 10186574.
2
Calculate the highest common factor of 640 and 2525735.
5
What is the highest common factor of 90 and 3357345?
15
Calculate the greatest common factor of 12686 and 1622298366.
12686
Calculate the highest common divisor of 36331 and 2690813.
773
What is the greatest common divisor of 4002 and 143166444?
138
Calculate the highest common divisor of 9676706 and 969.
17
What is the highest common divisor of 19958451 and 93?
93
What is the greatest common divisor of 2980 and 255820?
20
What is the highest common divisor of 859310544 and 3312?
1104
What is the highest common divisor of 51267 and 214727?
743
What is the highest common divisor of 132 and 24753696?
132
Calculate the highest common divisor of 293857 and 9483.
29
Calculate the greatest common factor of 2589 and 10491491.
863
What is the highest common divisor of 1754552 and 38624?
568
What is the greatest common divisor of 5662764 and 39852?
108
What is the highest common divisor of 4551 and 3009148506?
4551
What is the greatest common factor of 7812158 and 69484?
1198
What is the greatest common factor of 239 and 154659051?
239
Calculate the greatest common factor of 8412 and 30126.
6
Calculate the highest common divisor of 28215 and 70021935.
2565
Calculate the highest common factor of 5076 and 12741084.
108
Calculate the highest common factor of 3071612 and 44036.
404
Calculate the highest common factor of 15 and 882831.
3
What is the greatest common factor of 378 and 3544086?
42
Calculate the highest common divisor of 2490 and 489980.
10
What is the greatest common divisor of 792133 and 3160?
79
Calculate the greatest common divisor of 1001879200 and 175.
175
Calculate the highest common factor of 3305994 and 2403.
267
Calculate the highest common factor of 169470 and 129024.
126
Calculate the greatest common factor of 6475 and 167650.
175
What is the highest common divisor of 523252 and 1047532?
1028
What is the greatest common factor of 3773683 and 58?
29
Calculate the greatest common factor of 90768 and 569191.
1891
What is the highest common divisor of 441 and 69615525?
147
Calculate the highest common divisor of 947556 and 716.
4
What is the highest common factor of 9905404 and 28?
4
What is the highest common divisor of 26945472 and 1258?
74
What is the greatest common divisor of 4162092 and 28?
4
What is the highest common divisor of 68880 and 239645?
1435
What is the greatest common factor of 16522227 and 178?
89
Calculate the highest common divisor of 25566975 and 1125.
225
Calculate the highest common factor of 3667399 and 4332.
361
What is the greatest common factor of 6 and 26050212?
6
Calculate the highest common divisor of 134804 and 603.
67
Calculate the greatest common divisor of 31502 and 4627478.
1658
What is the greatest common divisor of 256397 and 226?
113
Calculate the highest common factor of 573157 and 7488.
13
What is the greatest common factor of 3185 and 1727635?
455
What is the greatest common divisor of 536 and 29321009?
67
What is the highest common factor of 11605309 and 664?
83
Calculate the greatest common divisor of 7361420 and 1210.
110
Calculate the highest common factor of 27 and 1056537945.
27
What is the highest common factor of 12641167 and 2068?
517
What is the highest common factor of 258309598 and 266?
38
What is the highest common factor of 658 and 2753282?
14
Calculate the greatest common divisor of 2888 and 147769213.
361
What is the highest common divisor of 12 and 2061812?
4
Calculate the highest common divisor of 3120587 and 1845619.
5141
Calculate the highest common factor of 2993 and 1175811.
73
What is the greatest common factor of 187 and 2238534738?
187
What is the greatest common divisor of 416117 and 65650?
13
Calculate the highest common factor of 455 and 3046420.
65
Calculate the highest common divisor of 50351860 and 260.
260
Calculate the greatest common factor of 2880975 and 93625.
2675
What is the greatest common divisor of 1911 and 2169609?
39
Calculate the highest common divisor of 1780440 and 592.
296
Calculate the greatest common divisor of 5508 and 16042356.
612
What is the highest common factor of 14027862 and 724?
362
Calculate the greatest common divisor of 237670462 and 148.
74
Calculate the greatest common divisor of 17380 and 1426582.
158
What is the greatest common factor of 9050 and 5191985?
905
What is the greatest common factor of 1837 and 2432947?
11
Calculate the greatest common factor of 108592 and 80377.
11
What is the highest common factor of 80705444 and 412?
412
Calculate the highest common divisor of 5263332 and 12.
12
Calculate the highest common factor of 83692538 and 10532.
5266
Calculate the highest common divisor of 1398847887 and 423.
423
Calculate the highest common factor of 6909 and 691880.
49
Calculate the highest common divisor of 56 and 85278046.
14
What is the highest common factor of 2340 and 5571696?
156
Calculate the highest common divisor of 10 and 2986481630.
10
What is the greatest common factor of 3627778 and 2794?
22
Calculate the highest common factor of 631862 and 54362.
154
Calculate the greatest common factor of 1016015 and 520.
65
Calculate the highest common divisor of 81695096 and 168.
56
Calculate the highest common divisor of 7776 and 1498392.
216
Calculate the greatest common divisor of 8798907 and 78.
39
Calculate the greatest common factor of 7469 and 144221.
77
Calculate the highest common divisor of 152177581 and 2648.
331
What is the greatest common divisor of 4564 and 79988012?
652
What is the highest common divisor of 26186558 and 10971?
1219
What is the highest common divisor of 267680 and 753760?
1120
Calculate the highest common divisor of 3265 and 9505068.
653
What is the highest common divisor of 171143580 and 240?
60
What is the highest common factor of 49301022 and 1486?
1486
What is the greatest common factor of 1500434 and 5122?
26
What is the greatest common divisor of 7332273 and 13?
13
What is the highest common factor of 21141 and 1588272?
87
Calculate the highest common divisor of 653279 and 103697.
121
Calculate the greatest common divisor of 4156 and 433003250.
2078
What is the highest common factor of 2940 and 80445?
15
Calculate the greatest common factor of 42904 and 10874434.
346
What is the highest common divisor of 192 and 205054032?
48
What is the greatest common divisor of 11820294 and 18?
18
What is the greatest common factor of 1289820 and 129563?
581
What is the highest common factor of 29498946 and 129?
129
Calculate the highest common divisor of 400 and 9730420.
20
Calculate the highest common divisor of 5379751 and 442.
13
Calculate the highest common factor of 1189047 and 12.
3
What is the greatest common factor of 2377 and 1135751993?
2377
What is the greatest common factor of 847 and 144361?
7
What is the highest common factor of 960669 and 57381?
1851
What is the highest common factor of 30358 and 195392?
86
Calculate the highest common divisor of 11709783 and 1725.
69
What is the highest common divisor of 5851889454 and 61?
61
Calculate the highest common factor of 922 and 20249886.
922
Calculate the greatest common factor of 32488 and 1232312.
248
What is the highest common factor o